ens digit of i?
8
Let d(p) = 11*p - 45. Let x be d(6). Let t = 111 - x. What is the tens digit of t?
9
Let w = 8 + -40. Let o = w - -34. What is the units digit of o?
2
Let d(b) = 9*b + 54. Let c be d(6). Suppose l + 124 = 3*l. Suppose -l = -3*x - j + 2*j, 4*x - c = -5*j. What is the units digit of x?
2
Let x(k) be the second derivative of 4*k**3/3 + 29*k**2/2 + 17*k. What is the tens digit of x(8)?
9
Let u be 234/(-14) + (-10)/35. Let d = u - -20. Suppose 0*f + 5*f - 72 = 3*k, -d*k = f. What is the units digit of f?
2
Suppose 159 + 135 = 6*r. Suppose -4*x = 2*j - 42, -2*j + 5*x = -38 - r. What is the units digit of j?
1
Let s(f) = f**2 + 7*f - 4. Let k be s(-10). What is the tens digit of (-481)/k*(-6)/1?
1
Let k = -959 + 1127. What is the units digit of k?
8
Let a be -3*1*(-6)/9. Let s be -2 - -5 - (-3 + a). Suppose s*r = 6*r - 48. What is the units digit of r?
4
Let h(b) = b**2 - 14*b + 4. Let s be h(13). Let n(t) be the first derivative of -t**2 - 5*t + 2. What is the tens digit of n(s)?
1
Let w(x) = 4*x + 10. Let l be w(-4). Let g = l + 24. What is the units digit of g?
8
Suppose -3*x = -3*j + 2 + 7, -3*j - 2*x = -14. Suppose f - 5*b - 54 = 0, 0 = j*f - 3*b - 102 - 131. Let u = f + -30. What is the tens digit of u?
2
What is the tens digit of ((-25)/(-50))/(2/2612)?
5
Suppose 2*g - 7*g + 520 = 2*x, -g - 2*x = -104. Let n = -37 + g. What is the tens digit of n?
6
Let a be ((-2)/3)/((-6)/(-81)). Let q = 12 + a. Suppose -c + 5*m = -1 - q, 6 = c - 4*m. What is the tens digit of c?
1
Let p = 87 + -74. Suppose p*o - 17*o = -620. What is the units digit of o?
5
Suppose 2*v - 4*o = 634, -3*v + 3*o = v - 1293. Suppose 4*n + 79 - v = 0. What is the units digit of n?
2
Let n(r) be the second derivative of r**3/3 + 8*r**2 + 3*r. Let d be n(-7). Suppose -2*u - d = -10. What is the units digit of u?
4
Suppose -5 = -0*c - 5*c, -g - 5*c = 0. Let f(j) = j**2 + 6*j - 7. Let d be f(g). What is the tens digit of (-4)/((-16)/d) - -13?
1
Suppose 4*m - 14945 = -v, 2*m - v = 4*v + 7467. What is the hundreds digit of m?
7
Let o(y) = -y**3 + 7*y - 7*y - 5 - 2*y**2. Let t be o(-3). Suppose -t*u + 34 = 4*d + u, -5*d + 26 = -2*u. What is the units digit of d?
6
Let v(p) = -p**3 - 4*p**2 + 3*p + 2758. What is the units digit of v(0)?
8
What is the units digit of 5*505/25 + 4/(-2)?
9
Let a be ((-4)/(-6))/(2/(-3)). Suppose -313 - 11 = 4*u. What is the units digit of a/(3/u - 0)?
7
Suppose 20*m = -2*w + 25*m + 1421, 3*w + 2*m = 2122. What is the tens digit of w?
0
Let a = 96 + -84. What is the tens digit of 15/(-10) + (-3)/(a/(-710))?
7
Suppose 4*q - 146 = -6*y + 4*y, 2*q + 128 = 2*y. What is the units digit of y?
7
Let o = 587 - 377. Let n be 9/18*-7*(-16)/14. Suppose -5*s = -i - 8 - 251, -2*i + o = n*s. What is the tens digit of s?
5
Let n be (7/14)/(1/(-14)). What is the units digit of (4 + -8 - n) + 6?
9
Let y(p) = 6*p - 5*p - 7*p - 14*p + 7. What is the tens digit of y(-2)?
4
Let f = -5 + 7. Suppose 3*c = 3*a + 21, 24 = -4*a + 3*c + f*c. Let m = a + 15. What is the units digit of m?
4
Let v = 14 - 11. Suppose 8 = -v*n - 13. Let y = n - -28. What is the units digit of y?
1
Let z(a) = 52*a - 5. Let w be -10*3/12*-2. What is the tens digit of z(w)?
5
Let o(w) = 4*w**2 - 12*w - 16. Let p be o(-12). Let m = p - 400. What is the units digit of m?
4
Suppose x + 13 = -2*k, 5*x - 3*k + 18 = 5. Let o be ((-2)/x)/((-7)/595). Let n = o + 56. What is the units digit of n?
2
Let z = 1051 - 539. What is the units digit of z?
2
Suppose -3*u + 2*b - 7 = 0, 10 - 2 = 4*b. What is the tens digit of ((1 + 3)*(-25 + 2))/u?
9
Suppose 0 = -2*u - n + 2034, -5*u + 5086 = 3*n - 0*n. What is the hundreds digit of u?
0
Suppose 0 = 5*z + 2*j - 530 - 60, -3*j + 105 = z. What is the tens digit of z?
2
Suppose -2*j + 6*j - 145 = 5*y, 3*j = 5*y + 110. Let m = j + 78. What is the hundreds digit of m?
1
Let o be 42458/39 + (-4)/6. Suppose 5*s - 327 = o. What is the units digit of s?
3
Let v be (-254)/(2 + 1 + -5). Let o = v - 78. What is the units digit of o?
9
Suppose 3*l - 4*y + 12 = -3*y, -5*l + 5*y - 30 = 0. Let q(d) = -25*d - 6. What is the units digit of q(l)?
9
Let y = -4 + 13. Suppose y*u = 12*u - 15. Suppose 3*v - 109 = -2*i - 37, -u*v = -20. What is the tens digit of i?
3
Let g(x) = 4*x**2 + 10*x + 6. Let y be g(-8). Suppose -c - y = -8*c. What is the units digit of c?
6
Suppose -7*r - 2*r = -1287. What is the tens digit of r?
4
Let o = 37 - -39. What is the tens digit of o?
7
Let q(z) = 62*z + 56. What is the hundreds digit of q(11)?
7
Suppose 47 = u + 53. What is the tens digit of -2 - 6/(u/29)?
2
Suppose v = -3*j + 16, -2*v - j + 24 = 3*j. Suppose 0 = 5*y - q - 5, -4*q + 3*q = -v*y + 3. Suppose y*l - 123 = -37. What is the units digit of l?
3
Let j(f) = -2*f**3 + 36*f**2 - 14*f - 32. What is the tens digit of j(17)?
0
Suppose 3*i - 2*l - 7 = 0, -2*i - 4*l = i + 23. What is the tens digit of 33/(-6)*i*1*2?
1
Suppose -2771*m + 2769*m = -11752. What is the hundreds digit of m?
8
Let z = 11 + -15. Let v = 9 + z. Suppose 2*p + 4 + 11 = s, -p - 66 = -v*s. What is the units digit of s?
3
What is the units digit of 328 - (0 + (-3 - 4))?
5
Suppose -5*q = -27 + 17. Let k(i) = 31*i**2 + 2*i - 4. What is the hundreds digit of k(q)?
1
Let o = -778 + 1333. What is the tens digit of o?
5
Let i be 3/1 - (-3 - 4 - 3). Suppose 0 = -l + 34 + i. What is the tens digit of l?
4
Let z be (-68)/(-17) + 1*-7. What is the units digit of 124 - (z/1)/(-3)?
3
What is the hundreds digit of (-3)/(-21) - (-146832)/147?
9
Let p be (56/21*5)/(2/(-27)). Let z = p + 323. What is the units digit of z?
3
Let t(o) = 2*o**3 - 33*o**2 + 3*o + 25. What is the hundreds digit of t(17)?
3
Let q(l) = l - 13. Let x be q(15). Suppose -52 = -u - 2*z - 152, -x*u + 5*z = 155. Let m = u - -135. What is the tens digit of m?
4
Let o = -2458 + 5205. What is the thousands digit of o?
2
Let i(x) = -x**3 - 2 + 4*x**2 - 3 - 1 + 2. Let f be i(3). Suppose 2*t + 39 = f*t. What is the tens digit of t?
1
Suppose 453 = -4*v - n + 2272, 439 = v - 5*n. What is the units digit of v?
4
Let s(c) = c**3 + 5*c**2 + 2*c - 2. Let f be s(-2). Suppose f*n - 16 = 4*n. Suppose -n = v - 35. What is the tens digit of v?
2
Let i(u) be the second derivative of 4/3*u**3 + 4*u**2 + 0 + 7*u + 1/12*u**4. What is the units digit of i(-7)?
1
Suppose u = -0*u. Suppose -2*z - 2*i - 14 = u, -2*z - 3*z - 8 = -4*i. What is the tens digit of 1*(-93)/(12/z)?
3
Let y(a) = 3*a + 7. Let w be y(-4). Let u(r) = r**3 + 7*r**2 - 9*r + 5. What is the tens digit of u(w)?
0
Let n be (-12)/(4*5/(-70)). Suppose -r + n = -14. Let m = r + 8. What is the units digit of m?
4
Let r(w) = -3*w - 12. Let n be r(-8). Let k(u) = -4 - 1 - n*u + 0 + 4 - u**2. What is the units digit of k(-5)?
4
Let m = -17 - -13. What is the units digit of 8/(8 + m) + 2?
4
Let k = -224 - -313. What is the tens digit of k?
8
Suppose 638 = 2*a - f, a + f - 319 = 6*f. What is the tens digit of a?
1
Suppose -j + 2*f + 13 = 0, 4*j - 17 = 2*f + 11. Suppose 8 = 2*m + 2*m, -5*m + 85 = j*q. What is the units digit of q?
5
Suppose 2*l + 6*l - 80 = 0. Suppose o - 4 = -0. What is the tens digit of l*o + 12 + -12?
4
Suppose -1224 = -2*v + 3*p, 9*v = 5*v - 3*p + 2430. What is the units digit of v?
9
Let w(q) = 2*q**3 + 17*q**2 - 2*q - 23. What is the units digit of w(-8)?
7
Let w(p) = -p**3 - 8*p**2 - p + 5. Let u(f) = -2*f**2 - 6*f. Let s be u(-4). Let c be w(s). What is the tens digit of c/((-3 - -1) + 3)?
1
Suppose 13814 = 5*a + h, 2*a - 5316 = -3*h + 220. What is the hundreds digit of a?
7
Suppose -9 + 0 = -3*o. Suppose -5*v - 4 = 4*s - o*v, 0 = 4*s - 4*v - 8. Suppose s = 3*r - 183 + 12. What is the units digit of r?
7
What is the units digit of (-2 - 3*-28) + (3 - 0)?
5
Suppose 10*o = o + 1890. Suppose -8*a - o = -11*a. What is the units digit of a?
0
What is the units digit of (-2886 - -2)/(-7) + 1?
3
Let z be (-2)/2 + (-130)/10. Let k = 19 + z. Suppose 5*g + 2*u = 20, -35 = -k*g - u + 2*u. What is the units digit of g?
6
Suppose r = 2*n - 12, -3*n = -5*r - 45 + 13. Let q = -2 + n. Suppose -5*y + 68 = 2*f - 42, -44 = -q*y - f. What is the tens digit of y?
2
Let q = -103 + 114. What is the tens digit of ((-1054)/(-8) - 2) + q/44?
3
Suppose 22*s + 1392 = 24*s. What is the tens digit of 1 - (3 - s)/3?
3
Let y(z) = z**3 - 16*z**